n - 10. Let h be w(7). Suppose r - 24 = 3*o - 2*r, -5*r + h = o. Let y = 5 - o. List the prime factors of y.
11
Let s(f) = -7*f - 6. Suppose 5*p - 4*m + 18 = 0, 3*m = -3*p - p - 33. Let n be s(p). Suppose 2*u - 4*u = -n. List the prime factors of u.
2, 3
Let j be ((-1 - -1) + 1)*2. Let c = -4 + 8. Suppose i = 5*y + j - 22, -c*i = 0. List the prime factors of y.
2
Let m(k) = -14*k + 1. Let y be m(-1). Suppose 0*d = -3*d - 5*g + 3, -3*d + y = g. List the prime factors of (15/(-6))/((-1)/d).
3, 5
Let z(n) = -n**3 + 9*n**2 + 14*n - 7. Let u be z(10). Let r = -19 + u. List the prime factors of (-4)/r + 30/7.
2
Let g(o) = -o**3 - 2*o**2 + 2*o - 3. Let q be g(-3). Suppose -3*f = -q*f - 9. What are the prime factors of f?
3
Suppose 3*y - 15 = 3*i, -i - 4*y - 5 - 15 = 0. What are the prime factors of ((-18)/4)/(6/i)?
2, 3
Suppose j - 3*j + 6 = 0. Let n = j - 2. Suppose 15 = k - n. List the prime factors of k.
2
Suppose -k - 14 = -49. List the prime factors of k.
5, 7
Suppose -528 = -5*s + 217. Suppose s = 5*n - 76. List the prime factors of n.
3, 5
What are the prime factors of 43 - ((7 - 3) + -2)?
41
List the prime factors of (-5649)/(-63) - (-2)/6.
2, 3, 5
Let n(r) = -r**2 - 21*r - 8. What are the prime factors of n(-15)?
2, 41
Let a = 91 + -71. What are the prime factors of a?
2, 5
Let m = 66 - 36. List the prime factors of m.
2, 3, 5
Let f be (1 - 0) + 0/(-1). Let a be (-2)/(1/(-11)*f). Let t = a + -11. What are the prime factors of t?
11
Suppose u + 7 + 2 = 0. Let s = u + 36. Let v = s - 15. What are the prime factors of v?
2, 3
Let l(g) = g**3 - 22*g**2 + 23*g + 1. What are the prime factors of l(21)?
43
Suppose 0 = a - 8 + 3. Let r(g) = -7*g + 2. Let p be r(-1). Suppose 4*c - 13 = 5*f + 14, -p = 2*c + a*f. List the prime factors of c.
3
Suppose 2*n = -3*a + 4, 2*a + 4*n - 8 = 4*a. Let h be -3 + 2 + a + 1. Suppose -3*z + 15 = h, 0 = -q - 3*q - 5*z + 57. List the prime factors of q.
2
Suppose -96*k + 102*k - 1968 = 0. List the prime factors of k.
2, 41
Let z(g) = g**2 + 9*g - 11. Suppose -134 = -3*w + 28. Suppose 0 = 4*a - 5*x + w, -a = 5*x - 3*x + 7. What are the prime factors of z(a)?
11
Let j(d) = -2*d + 3*d - 5*d - 5. Let w(p) = p - 1. Let g(u) = j(u) - w(u). What are the prime factors of g(-3)?
11
Suppose -15*y + 10*y + 85 = 0. List the prime factors of y.
17
Let m(n) = -8*n**3 - 6*n**2 + 2*n - 1. Let y(k) = k**2. Let w(a) = -a**2 + 3*a + 6. Let h be w(5). Let d(z) = h*y(z) - m(z). What are the prime factors of d(1)?
3
Let b = 255 - 122. What are the prime factors of b?
7, 19
What are the prime factors of 27 + (16/(-4) - -5)?
2, 7
Let y be -3 + 10 - (0 - -2). Suppose y*p + 4 + 1 = 0. List the prime factors of (p + -7)*(-2 - 0).
2
Let v = 11 + -1. Suppose -q + 8 = -v. List the prime factors of q.
2, 3
Let w(i) = i**3 + 5*i**2 + i - 1. List the prime factors of w(-4).
11
Let b(q) = 11*q**2. Let r = -9 - -8. Let t be b(r). Let i = 15 - t. List the prime factors of i.
2
Let v be 3/((-18)/(-14))*9. Suppose v - 5 = f. List the prime factors of f.
2
Let z be 9/(-2)*(-20)/15. Suppose -44 = 2*f - z*f. What are the prime factors of f?
11
Suppose -n + 2 = -1. Suppose -2*c - 6 + 19 = n*p, 23 = 5*p + 4*c. List the prime factors of p.
3
Let x = -26 + -1. Let m = -18 - x. What are the prime factors of m?
3
Let x be (0 + 1 - 2)/1. Let m be 0/(x + 1 - -2). List the prime factors of 5*((-12)/(-15) + m).
2
Let u = -6 + 7. Let v = 24 - u. List the prime factors of v.
23
Suppose 17 = 5*y - 23. Suppose 2*a = -a. Suppose -q + a*q = -y. What are the prime factors of q?
2
Suppose 0 = 4*u - 2*t - 12, -4*u + 4*t + 14 = -u. What are the prime factors of 0 + u*14/4?
7
Suppose 2*u + 2*g - 54 = -0*g, 2*u + 3*g = 55. List the prime factors of u.
2, 13
Suppose 4*w + 26 = 2*h, -2*w + 5 = h - 0*w. What are the prime factors of h?
3
Suppose 4*u - 4*v + 42 + 50 = 0, 3*u = 2*v - 73. Let x be 4/(-18) + (-222)/u. Let y = -5 + x. List the prime factors of y.
3
Suppose -4*c + d = -5*c + 5, -2*c = 5*d - 7. Let b = c + -3. Suppose 3*f - f = 6, -3 = -2*r + b*f. List the prime factors of r.
2, 3
Let y(s) be the first derivative of -s**5/60 - 5*s**4/24 + 2*s**3/3 + 3. Let g(b) be the third derivative of y(b). List the prime factors of g(-6).
7
Let h(s) = s**3 + 4*s**2 - 5*s. Let a(y) = -y**2 + 5*y - 4. Let m be a(5). List the prime factors of h(m).
2, 5
Let p be 2/((-2)/(-1)) + 2. Let o(q) = q - 1. Let c(n) = 9*n - 3. Let x(l) = p*o(l) - c(l). List the prime factors of x(-2).
2, 3
Let u be (0 + 8)*(-6)/6. Suppose 4*l - 13 = 11. Let m = l - u. List the prime factors of m.
2, 7
Let m(a) = a + 7. Let w be m(-5). Suppose -w*l - l - 4*s = -30, -5*s = 0. List the prime factors of l.
2, 5
Let r = -4 - -3. Let q = -3 - r. List the prime factors of -1 + 4/(-1 - q).
3
Let g be 0/(1*(2 - 3)). List the prime factors of 5 + 1 + g + 1.
7
Let o(t) = t**3 - 7*t**2 - 5*t - 3. Let s be o(6). Suppose 5*g - 20 - 25 = 0. What are the prime factors of (-2)/3 - s/g?
7
Let u = 9 + -4. Let m(w) = -7*w**2 + 2*w - 5. Let f(t) = 3*t**2 - t + 2. Let x(a) = u*f(a) + 2*m(a). What are the prime factors of x(4)?
2, 3
Suppose l = -5 - 23. List the prime factors of (10 + -5)*l/(-10).
2, 7
Let i(h) = 26*h - 2. Let b be i(4). Let n = b + -66. List the prime factors of n.
2, 3
Let u(z) = -z - 2. List the prime factors of u(-4).
2
Let s = 7 - 4. Suppose 4*b + 5*l + 14 - 78 = 0, 0 = s*b - 2*l - 71. What are the prime factors of b?
3, 7
Let x = -5 + 7. Suppose -x*l + 0*l = -24. List the prime factors of l.
2, 3
Let d(m) = 3*m**2 + m - 27. List the prime factors of d(7).
127
Let k(q) = -q**3 + q**2 + q. Let b(c) = c**3 + 4*c - 1. Let r(j) = -b(j) + 2*k(j). Let w be r(1). List the prime factors of 4 + w + (8 - 3).
7
Let r(q) = -q**2 + 10. Let f(b) = -b**3 - 12*b**2 + b + 12. Let m be f(-12). List the prime factors of r(m).
2, 5
Let g = 21 - 13. Let j = 11 - g. Suppose 0 = 3*n + 4*h + h - 29, -j*h = -n - 9. What are the prime factors of n?
3
Let g be (3 - -7)*6/(-4). Let c = -7 - g. List the prime factors of c.
2
Let f(d) = -3*d**2 - 2*d + 1. Let c(y) be the first derivative of y**3 + y**2/2 - 2*y - 2. Let n(m) = -3*c(m) - 4*f(m). List the prime factors of n(-3).
2, 7
Let z = -183 + 368. List the prime factors of z.
5, 37
Let a = 329 - 211. What are the prime factors of a?
2, 59
Suppose -3*o - 18 - 12 = -p, -2*p - 4*o + 110 = 0. Suppose 0*w - m - p = -3*w, w + m = 19. What are the prime factors of w?
2
Suppose -1 = r - 3. Suppose 2*s + 2*s - r = 5*q, -3*s = 4*q - 17. Suppose q*x - 29 = -11. List the prime factors of x.
3
Let x = 6 + -3. List the prime factors of x*1 + (6 - 4).
5
Suppose 5*c = 3*a - 19, 2*c + 2*a + a - 5 = 0. Let x be (-3)/4 - c/(-8). Let r = x + 3. What are the prime factors of r?
2
Let m = 46 + 271. What are the prime factors of m?
317
Let a be (-15)/6*8/(-5). Suppose l - a*l + 24 = 0. Suppose 0*s - l = -p - s, -4*p - 3*s + 34 = 0. What are the prime factors of p?
2, 5
Suppose 2*a + n = -22, 0*a + 20 = -2*a - 2*n. Let x = -4 - a. Let j(h) = h**3 - 9*h**2 + 8*h + 2. What are the prime factors of j(x)?
2
Suppose d = -3*w + 15, 0*d + 5*w = d + 25. Let f = 57 - 41. What are the prime factors of f + 1 + d + 1?
2, 3
Let i(w) = 3*w**2 + 5. List the prime factors of i(-5).
2, 5
Suppose -6*p = -2*p, 0 = 2*s - 4*p - 30. List the prime factors of s.
3, 5
Let h = 83 - 59. Suppose -f - 25 = -6*f. Suppose f*o + 9 = h. List the prime factors of o.
3
Suppose -182 = -3*t + 4*i - 36, 3*t - 121 = -i. Suppose 2*b = 10 + t. What are the prime factors of b?
2, 13
Suppose a - 6*a + 205 = 0. List the prime factors of a.
41
Let f be 0 - -2 - (-2 + -1). Suppose 5*i - 1 - 24 = -f*g, 0 = -4*g - 3*i + 20. What are the prime factors of g?
5
Let h = 12 + -10. Suppose 3*n - 126 = -2*n - h*b, 5*n = -5*b + 120. List the prime factors of n.
2, 13
Let a be 0 - 3 - 2/2. Let w(n) be the third derivative of -n**4/12 - n**3 + 3*n**2. List the prime factors of w(a).
2
Let v(d) = -5*d**3 - 7*d**2 - 3*d - 7. Let a(y) = 3*y**3 + 4*y**2 + 2*y + 4. Let s(q) = 7*a(q) + 4*v(q). What are the prime factors of s(2)?
2, 3
Suppose 5*y = 3*p + 180, -7*p = -3*p - 2*y + 240. Let w = p + 103. List the prime factors of w.
43
Let g = 37 - -16. Suppose 3*l = 2*x - g, -3*l - 23 - 2 = -x. List the prime factors of x.
2, 7
Suppose -3*p = 2*y + 3*y + 15, 4*p = 4*y - 20. S